c79
In base 8, what is 12 + 21311377?
21311411
In base 7, what is -35211 + 10?
-35201
In base 7, what is -162262116 + 55?
-162262031
In base 12, what is -b136210 - -1?
-b13620b
In base 10, what is -292912 + -1803?
-294715
In base 2, what is 11000100111011001110010 + -101?
11000100111011001101101
In base 5, what is 1 + -3023300310?
-3023300304
In base 15, what is -67491 + 15?
-6747b
In base 8, what is 3 + -55224161?
-55224156
In base 10, what is 1 - 5250228?
-5250227
In base 7, what is 14621512 - -100?
14621612
In base 7, what is 0 - 240552261?
-240552261
In base 3, what is 100 + -211200201222?
-211200201122
In base 15, what is -1 - 16089e?
-1608a0
In base 5, what is 223233432 - -203?
223234140
In base 3, what is -20022011112 + -112000?
-20022200112
In base 8, what is 4 + -35235645?
-35235641
In base 14, what is 8 + 515284?
51528c
In base 5, what is 4 - -1212233010?
1212233014
In base 5, what is -2004204422 - 100?
-2004210022
In base 15, what is 1 + -2a2b8ae?
-2a2b8ad
In base 16, what is -3b17a - 7e?
-3b1f8
In base 3, what is 112110020 - 10202120?
101200200
In base 15, what is 2722bb + 11?
2722cc
In base 2, what is -11 - 11010010111101000000011011001?
-11010010111101000000011011100
In base 13, what is -282576 + 6?
-282570
In base 2, what is 11100110010000011111 - -10?
11100110010000100001
In base 11, what is 1377915 + 7?
1377921
In base 11, what is -1 - -3247a59?
3247a58
In base 13, what is 0 - -5a220bb?
5a220bb
In base 16, what is -10c34e - 12?
-10c360
In base 15, what is 6 - -75107?
7510d
In base 13, what is 5425cb + -1b?
5425b0
In base 8, what is 105310 + 12?
105322
In base 14, what is 0 + -16d9556?
-16d9556
In base 15, what is 797ed61 + 5?
797ed66
In base 13, what is 9 - -38297?
382a3
In base 9, what is 48 - -3106076?
3106135
In base 13, what is 2 + 101358?
10135a
In base 12, what is -1 - 1131324?
-1131325
In base 10, what is -45 + 832540?
832495
In base 4, what is 11002203 + -13302302?
-2300033
In base 2, what is 100000111 + 110100001111001111?
110100010011010110
In base 5, what is -211 + -142330011?
-142330222
In base 16, what is -57e10 + a0?
-57d70
In base 4, what is 30 + 121331211023?
121331211113
In base 4, what is -102310233 - -32310?
-102211323
In base 10, what is 11386017 - -11?
11386028
In base 9, what is -27 + -5037282?
-5037320
In base 10, what is -4490662 + -3?
-4490665
In base 3, what is -120001 + -10001120110?
-10002010111
In base 5, what is 1300 - -1111142?
1112442
In base 13, what is 2 + 60a506?
60a508
In base 14, what is -9 + -89130a?
-891315
In base 5, what is 144 + 313221032?
313221231
In base 10, what is -2033560 - -8?
-2033552
In base 4, what is -20133 - 310101332?
-310122131
In base 4, what is 2331132 + -13233311?
-10302113
In base 7, what is 23 + -3156320?
-3156264
In base 14, what is 0 - -6ab188?
6ab188
In base 5, what is 1411 - 4403112?
-4401201
In base 11, what is 17 - 5240a57?
-5240a40
In base 13, what is 6 - abc144?
-abc13b
In base 5, what is 102134333 - 14141?
102120142
In base 15, what is 6470880 - -1?
6470881
In base 16, what is -1f37 - 80?
-1fb7
In base 16, what is 6 + -631b2e?
-631b28
In base 16, what is -2a44 + 4da?
-256a
In base 12, what is -1170422 - -2?
-1170420
In base 8, what is 5736155 + -70?
5736065
In base 12, what is -23a + 11b19?
1189b
In base 16, what is 3a - 316237?
-3161fd
In base 14, what is -327d + -a32?
-3cb1
In base 4, what is 22133031 - 311?
22132120
In base 14, what is -123168b + -b?
-1231698
In base 5, what is -1 - -20321123444?
20321123443
In base 2, what is -10110011001010 - 1010111000?
-10111110000010
In base 10, what is 122 + 8434?
8556
In base 6, what is 0 + 511350413?
511350413
In base 12, what is 3855 - -356?
3bab
In base 10, what is -136 + 24428?
24292
In base 3, what is -20 - 100220011022?
-100220011112
In base 2, what is 100 + -100001100001000110001000?
-100001100001000110000100
In base 5, what is -12040342 - -313?
-12040024
In base 13, what is -25b948b9 + 4?
-25b948b5
In base 8, what is 13455 - -156237?
171714
In base 14, what is -5 - -bb16a1?
bb169a
In base 9, what is 22138055 + -1?
22138054
In base 14, what is d554315 - 4?
d554311
In base 8, what is -12 - -134015755?
134015743
In base 12, what is -1519 + 12016?
106b9
In base 11, what is -4 - 51a98891?
-51a98895
In base 13, what is -14b4581 + 1c?
-14b4562
In base 8, what is 1073 - -26537?
27632
In base 7, what is 3601 - 1130?
2441
In base 13, what is -60 - 16c07?
-16c67
In base 12, what is 15 + -128535b?
-1285346
In base 2, what is 10111110 + 101011000110101?
101011011110011
In base 8, what is -15 + 5421110?
5421073
In base 11, what is 40 - 350233?
-3501a3
In base 2, what is 1110110000100001100 + 11111?
1110110000100101011
In base 10, what is -1160701261 + 2?
-1160701259
In base 5, what is 3 + 1001023124210?
1001023124213
In base 2, what is 10101100111111101 - 1101101?
10101100110010000
In base 6, what is 4 + -33532314001?
-33532313553
In base 7, what is -3 - 30502104?
-30502110
In base 13, what is 20527c + -6?
205276
In base 5, what is -102121124430 - 2?
-102121124432
In base 5, what is -3234424044 + -23?
-3234424122
In base 7, what is 1436 + 116454?
121223
In base 11, what is -75606 - -358a?
-72027
In base 8, what is 1 - 163560407?
-163560406
In base 6, what is -2 - -13303245?
13303243
In base 3, what is 10122220220001 - 12022?
10122220200202
In base 9, what is 35651818 - 4?
35651814
In base 2, what is 101 + -1010100010010011100010010?
-1010100010010011100001101
In base 14, what is 162d + 36?
1665
In base 3, what is 221121 - 121111202211?
-121110211020
In base 16, what is 3d + e15b?
e198
In base 16, what is -4e05 + -e7?
-4eec
In base 12, what is -85a3a7 - -4?
-85a3a3
In base 12, what is -1a951b1b - -3?
-1a951b18
In base 3, what is -111000101212220120 - 12?
-111000101212220202
In base 5, what is 2033 - -330213114?
330220202
In base 9, what is -28623220 - -15?
-28623204
In base 7, what is -4421256534 - 1?
-4421256535
In base 2, what is 1110 - -11111010100001011010?
11111010100001101000
In base 16, what is 2 - -61fe0c9?
61fe0cb
In base 8, what is -7500 + -3027?
-12527
In base 15, what is -194d1 + -c3a?
-1a21b
In base 8, what is 26 + -2657663?
-2657635
In base 12, what is -309408 - 23?
-30942b
In base 3, what is 1122 - -102011122022?
102011200221
In base 14, what is -21 + 41376?
41355
In base 9, what is 14874116 - 4?
14874112
In base 9, what is -16 + -13732681?
-13732707
In base 7, what is 3 - 50452516?
-50452513
In base 10, what is 2 + -30192545?
-30192543
In base 11, what is 249569 + -6?
249563
In base 11, what is 1404551 + -1?
1404550
In base 11, what is -14a71a8 - 0?
-14a71a8
In base 8, what is -236362217 + 11?
-236362206
In base 4, what is -21 + -122300013312?
-122300013333
In base 13, what is 2 - -10042800?
10042802
In base 13, what is 6834c81c + 1?
6834c820
In base 14, what is -130c7 - -725?
-127a2
In base 16, what is 6a70f89 - -3?
6a70f8c
In base 11, what is 3 - -2364a04?
2364a07
In base 7, what is 64344460 + -45?
64344412
In base 7, what is -201512 + 104?
-201405
In base 10, what is -6 + -5366794?
-5366800
In base 4, what is 2021131330022 - 30?
2021131323332
In base 14, what is -3 + 49776d4?
49776d1
In base 6, what is 24235 + -35051?
-10412
In base 3, what is -1110111110002210 + 10?
-1110111110002200
In base 11, what is 1792a5 + 0?
1792a5
In base 9, what is 127813 - -551?
128464
In base 5, what is -11 - 1434130?
-1434141
In base 6, what is -20345250 - 3?
-20345253
In base 16, what is 3d39283 + -2?
3d39281
In base 8, what is -10 + -161516520?
-161516530
In base 13, what is -3b + -1c462?
-1c4a0
In base 4, what is 1 + 2212210330022?
2212210330023
In base 16, what is -8 - 1e7172?
-1e717a
In base 13, what is 0 - -b716b?
b716b
In base 4, what is 11203111203320 + 10?
11203111203330
In base 8, what is 32510265 - -44?
32510331
In base 8, what is -125 + 134013?
133666
In base 2, what is 1001 - -101011000100100011111110?
101011000100100100000111
In base 13, what is 1518759a - -5?
151875a2
In base 3, what is 12 - -2100000010121?
2100000010210
In base 3, what is 2 + 11121022101102?
11121022101111
In base 14, what is -69c73b32 - 4?
-69c73b36
In base 5, what is 4 + -1130001210?
-1130001201
In base 8, what is -30012 - 1632?
-31644
In base 11, what is 4a0 - 236934?
-236444
In base 16, what is -4 - -6b56a6?
6b56a2
In base 4, what i